
Let d = 23 - -9. Suppose 5*g + 5*v = 4*v + 9, -4*g = v - 7. Suppose g - d = -5*n. List the prime factors of n.
2, 3
Let t be 2/(-8) - (-621)/4. Suppose 0 = -m + 6*m - t. What are the prime factors of m?
31
Let s = 84 + 169. List the prime factors of s.
11, 23
Let g(k) = k**3 - 9*k**2 + 3*k + 5. Let j be g(9). Suppose -5*f = -f + l + j, -5*f - l = 39. List the prime factors of 12/(-21)*f/2.
2
Suppose 0 = -4*f - 0 + 4. Suppose 53 = -4*i - 4*v + f, -5*v + 25 = 0. What are the prime factors of (-20)/3*i/12?
2, 5
Let x = -193 - -366. List the prime factors of x.
173
Suppose 0 = f - 2*f - 3*g + 13, 3*f + g = 15. Let t be (2 + (1 - f))*-1. What are the prime factors of 9 + 2/t + -2?
3
Suppose -3*n = -5*i + 41, -1 + 0 = 3*n + 5*i. Let c(z) = z**3 + 9*z**2 + 8*z - 6. What are the prime factors of c(n)?
2, 3
Let u = 30 - -18. List the prime factors of u.
2, 3
Let n = 31 + -17. What are the prime factors of n?
2, 7
Let k be 2/(-9) + 102/(-27). Let h = k - -4. What are the prime factors of (3 - -3) + h + 3?
3
List the prime factors of (0 - -62) + (2 - 4).
2, 3, 5
Suppose 56 + 5 = 3*v + 4*n, -4*v - 2*n = -88. Let o = v + -9. What are the prime factors of o?
2, 7
Let f be 1*((-28)/(-2) + 1). Suppose -5*v - 2*g = -17, -2 = v - 2*g - f. What are the prime factors of v?
5
Suppose -71 = -4*a - 15. List the prime factors of a.
2, 7
Suppose 0 = -u - 3*i - 9, 12 = 2*u - 0*u - 4*i. Suppose 3*q - 2*q - 1 = u. What are the prime factors of (-16)/(-12)*(2 + q)?
2
Let u = 3 - 5. Let a(g) = 11*g**3 + 9*g**2 - 11*g + 13. Let f(i) = -5*i**3 - 4*i**2 + 5*i - 6. Let d(z) = 6*a(z) + 13*f(z). What are the prime factors of d(u)?
2
Let s = 62 - -4. List the prime factors of s.
2, 3, 11
Let r(i) = 27*i + 24. Let j be r(-7). List the prime factors of 1/(-4 + j/(-41)).
41
Let k = -42 + 22. Let x = 37 + k. Suppose -o + x = -4*q + 3*q, 0 = 5*o - 2*q - 73. What are the prime factors of o?
13
Let f be 2/(-3) + 219/(-9). Let i = 37 + f. What are the prime factors of i?
2, 3
Let u = -35 + 72. List the prime factors of u.
37
Suppose -2*b + 24 = 2*s, -9*s + 5*s = 3*b - 41. List the prime factors of b.
7
Suppose -2*r + 2*b + 47 = -r, -3*b - 138 = -3*r. Suppose k = -2*l + 16, -3*l = 7*k - 2*k - r. What are the prime factors of k?
2, 3
Suppose 20 = 4*k + k. Suppose k*x = v - 105, v = 4*x + 3*v + 114. Let p = x - -44. List the prime factors of p.
17
Let u = -12 - -34. Suppose -u - 6 = -4*t. Suppose -60 = 2*q - t*q. List the prime factors of q.
2, 3
Let p(y) = y**2 - 2*y. List the prime factors of p(-5).
5, 7
Suppose -315 = -4*q - q. Suppose -2*z - 12 = -5*z. What are the prime factors of 2/z + q/6?
11
Let v(h) = -h**3 + 7*h**2 + 3*h - 8. Let p(n) = -n - 2. Let j be p(-9). List the prime factors of v(j).
13
Let f be (1 + -14)*1*2. Let a = -16 - f. What are the prime factors of a?
2, 5
Suppose 5*n = -6*n + 1122. What are the prime factors of n?
2, 3, 17
Let v(b) = -5*b + 8. Let z(a) = -a**2 + 7*a + 4. Let h be z(8). What are the prime factors of v(h)?
2, 7
Let m = 133 - 75. What are the prime factors of m?
2, 29
What are the prime factors of ((1/2)/(1/(-300)))/(-2)?
3, 5
Let a = 80 - 27. What are the prime factors of a?
53
Let t(o) = 4*o**2 - 3*o. Let h(d) = 3*d**2 - 3*d + 1. Let l(g) = 3*h(g) - 2*t(g). What are the prime factors of l(4)?
7
Let z(a) = 6*a + 3. What are the prime factors of z(4)?
3
Suppose -35 = 4*p - 3*p. Let a = -1 - 2. List the prime factors of 6/(-9) + p/a.
11
Suppose -5*d + 44 = -106. What are the prime factors of d?
2, 3, 5
Let c = 271 + 2. What are the prime factors of c?
3, 7, 13
Let m(b) = 3*b**2 - b - 3. Suppose 3*z + 2*z = 25. Let w be m(z). Let o = w + -43. List the prime factors of o.
2, 3
Let u = -2 + 47. List the prime factors of u.
3, 5
Suppose 5*x = -m + 50, x - 10 = -0*x + 2*m. What are the prime factors of 4/x - (-73)/5?
3, 5
Suppose -4*f = -6 + 18, -3 = -g + 2*f. Let s(r) be the third derivative of r**5/60 + r**4/12 - r**3/6 - r**2. List the prime factors of s(g).
2
Let g = 13 - 6. List the prime factors of g.
7
Let i be 2 + 5/(10/412). Let a = i + -79. List the prime factors of a/15 - 2/(-5).
3
Suppose 9*c + 294 = 2*w + 5*c, w - 137 = 4*c. List the prime factors of w.
157
Suppose 0*c - 3*f = -2*c - 8, 4*f = c - 6. Let q = c + 7. List the prime factors of q/12*2*-34.
17
Let n be (-36)/(0 - 2) - -3. Let g be (-1)/5 - (-232)/10. Suppose 4*f - g = n. What are the prime factors of f?
11
Suppose -2*m = -m - 2. List the prime factors of m*(-4 - -3 - -3).
2
Let c(j) be the second derivative of -4*j**3/3 - 2*j**2 - 5*j. What are the prime factors of c(-3)?
2, 5
Let m = -34 - -62. List the prime factors of m.
2, 7
Suppose -3*i + 2*k + 60 = -2*i, 0 = 4*i - 2*k - 258. Suppose t = -2*t + i. What are the prime factors of t?
2, 11
Suppose 0 = 74*s - 76*s + 332. What are the prime factors of s?
2, 83
Let a(u) = -2*u**3 - 11*u**2 + 2*u - 7. List the prime factors of a(-6).
17
Suppose -m = -23 - 6. What are the prime factors of m?
29
Let z(a) = -a**3 - 10*a**2 - 7*a + 1. List the prime factors of z(-10).
71
Let m(v) = 108*v**2 + v - 1. List the prime factors of m(-1).
2, 53
Suppose -2*c = -c - 5*q + 23, 2*c - 4*q = -34. Suppose g - 18 = 3*o, -g + 0*o - 5*o + 26 = 0. Let s = g + c. List the prime factors of s.
2
Let o(j) = -4*j - 19. What are the prime factors of o(-6)?
5
Let u(l) = l**2 - 19*l + 41. List the prime factors of u(20).
61
Let f = 0 - -3. Suppose 0 = s - f*s + 32. What are the prime factors of s?
2
Let o = 14 + -32. Let i = o - -39. Suppose 4*n - i = -5*f, 2*f = -3*f + n + 26. What are the prime factors of f?
5
Let x(y) be the third derivative of -y**5/30 + y**4/12 + 2*y**2. Let i be x(2). Let s(f) = -2*f - 1. What are the prime factors of s(i)?
7
Let w(y) = 5*y**3 - 4*y + 9. Let l(d) = -d**3 + d**2 - 1. Let t(q) = 4*l(q) + w(q). Let i be t(-5). Let k = 9 + i. What are the prime factors of k?
3
Let z = 128 - 73. List the prime factors of z.
5, 11
Suppose 4*c = -0*c + 92. Suppose 4*b = -5*w + c, 2*w = 2*b - 0*b + 2. Suppose 0 = -w*n + 2 + 13. What are the prime factors of n?
5
Let z(g) = -g**2 + 10*g + 5. List the prime factors of z(9).
2, 7
Let k be 2/(-4)*(-40)/2. What are the prime factors of 7/35 - (-158)/k?
2
Let f be (4 - (-15)/(-4))*0. Let i(b) = b**3 + b + 37. What are the prime factors of i(f)?
37
Let o = -67 + 132. Let d = o - 29. What are the prime factors of d?
2, 3
Suppose 20 = 4*t - 0*t. Suppose -t*v = -v + 3*w - 8, 11 = -v - 4*w. Suppose v*j + 80 = 3*m + 2*m, 2*j = -8. What are the prime factors of m?
2, 3
Let g(q) = -7*q - 25. What are the prime factors of g(-16)?
3, 29
Let x = -4 - -6. Suppose 2*f + z = -4, -x*z = 2*f + f + 5. Let p = 5 + f. List the prime factors of p.
2
Let j(q) = q**3 + 6*q**2 - 4*q + 12. List the prime factors of j(-5).
3, 19
Suppose 4 - 94 = -3*n. What are the prime factors of ((-96)/30)/((-4)/n)?
2, 3
Suppose -2*q + 8 = -6. Let f(y) = 4*y - 13. Let o(j) = -7*j + 25. Let i(n) = 11*f(n) + 6*o(n). List the prime factors of i(q).
3, 7
Let c(h) = 3*h. Let k be c(1). Suppose -5*b - 4 = -k*b. What are the prime factors of (1/b)/(2/(-12))?
3
Let i = -4 - -16. What are the prime factors of i?
2, 3
Suppose 3*z = z - 12. Let r = z + 10. Suppose 3*s + 22 = 5*s + 3*w, -2*w - r = -s. List the prime factors of s.
2
Let f be (-18)/3*(-33)/(-2). Suppose 4*m = 0, 3*m - 30 = -5*t + m. List the prime factors of ((-6)/9)/(t/f).
11
What are the prime factors of -16*-1*(4 + -3)?
2
Let f be 40/7 + 8/28. Let k = 5 - f. What are the prime factors of (1/k - -2)*6?
2, 3
Let a(n) = -2*n**3 - 10*n**2 - 6*n + 8. List the prime factors of a(-6).
2, 29
Let o be 0/1 + 7 + -7. Suppose o = 3*y - 4 - 11. Suppose 0 = -4*u + 3*l + 21, 21 - 6 = -y*l. What are the prime factors of u?
3
Let s be ((-30)/4)/((-6)/(-8)). Let p = s + 30. What are the prime factors of p?
2, 5
Suppose -2*m + 298 = 2*j + 2*j, 5*m + 25 = 0. Suppose 18 = 5*q - j. List the prime factors of q.
19
Suppose 33 = q + 2*n, 4*q - 8*q - n + 139 = 0. What are the prime factors of q?
5, 7
List the prime factors of (155/20)/((-2)/(-8)).
31
List the prime factors of ((-26)/(-1) - -4) + 4.
2, 17
Let x be (-6)/(-1 + (-5)/(-2)). Let p be 2/x - 195/(-10). Suppose 3*f + 32 = 5*k - 14, -p = -2*k + f. List the prime factors of k.
11
Let n(a) = -2*a**3 + 10*a**2 - a + 2. List the prime factors of n(3).
5, 7